{"id":257,"date":"2009-11-17T17:00:23","date_gmt":"2009-11-17T16:00:23","guid":{"rendered":"http:\/\/www.marienkrankenhaus.com\/blogs\/prostata\/?page_id=257"},"modified":"2025-12-14T18:53:58","modified_gmt":"2025-12-14T17:53:58","slug":"startseite","status":"publish","type":"page","link":"https:\/\/www.marien-kliniken.de\/blogs\/prostata\/","title":{"rendered":"Startseite"},"content":{"rendered":"\n<div style=\"height:30px\" aria-hidden=\"true\" class=\"wp-block-spacer\"><\/div>\n\n\n\n<figure class=\"wp-block-image size-large is-resized\"><img loading=\"lazy\" decoding=\"async\" width=\"1024\" height=\"653\" src=\"https:\/\/www.marien-kliniken.de\/blogs\/prostata\/wp-content\/uploads\/2024\/08\/Logo_Prostatakrebs-SHG_Siegen_transparent-1024x653.png\" alt=\"\" class=\"wp-image-1875\" style=\"width:703px;height:auto\" srcset=\"https:\/\/www.marien-kliniken.de\/blogs\/prostata\/wp-content\/uploads\/2024\/08\/Logo_Prostatakrebs-SHG_Siegen_transparent-1024x653.png 1024w, https:\/\/www.marien-kliniken.de\/blogs\/prostata\/wp-content\/uploads\/2024\/08\/Logo_Prostatakrebs-SHG_Siegen_transparent-300x191.png 300w, https:\/\/www.marien-kliniken.de\/blogs\/prostata\/wp-content\/uploads\/2024\/08\/Logo_Prostatakrebs-SHG_Siegen_transparent-768x489.png 768w, https:\/\/www.marien-kliniken.de\/blogs\/prostata\/wp-content\/uploads\/2024\/08\/Logo_Prostatakrebs-SHG_Siegen_transparent.png 1500w\" sizes=\"auto, (max-width: 709px) 85vw, (max-width: 909px) 67vw, (max-width: 1362px) 62vw, 840px\" \/><\/figure>\n\n\n\n<div style=\"height:15px\" aria-hidden=\"true\" class=\"wp-block-spacer\"><\/div>\n\n\n<h2><strong><span style=\"color: #000000;\">Wir begr\u00fc\u00dfen Sie auf der Internetseite der Prostatakrebs-Selbsthilfegruppe in Siegen.<\/span><\/strong><\/h2>\n<h2><img loading=\"lazy\" decoding=\"async\" class=\"wp-image-1835 alignleft\" src=\"https:\/\/www.marien-kliniken.de\/blogs\/prostata\/wp-content\/uploads\/2024\/04\/BPS-Logo-2-300x237.jpg\" alt=\"\" width=\"116\" height=\"92\" srcset=\"https:\/\/www.marien-kliniken.de\/blogs\/prostata\/wp-content\/uploads\/2024\/04\/BPS-Logo-2-300x237.jpg 300w, https:\/\/www.marien-kliniken.de\/blogs\/prostata\/wp-content\/uploads\/2024\/04\/BPS-Logo-2-1024x810.jpg 1024w, https:\/\/www.marien-kliniken.de\/blogs\/prostata\/wp-content\/uploads\/2024\/04\/BPS-Logo-2-768x607.jpg 768w, https:\/\/www.marien-kliniken.de\/blogs\/prostata\/wp-content\/uploads\/2024\/04\/BPS-Logo-2-1536x1214.jpg 1536w, https:\/\/www.marien-kliniken.de\/blogs\/prostata\/wp-content\/uploads\/2024\/04\/BPS-Logo-2.jpg 1571w\" sizes=\"auto, (max-width: 116px) 85vw, 116px\" \/><\/h2>\n<h2><strong><span style=\"color: #0000ff;\">Wir sind Mitglied im Bundesverband Prostatakrebs-Selbsthilfe e.V.<\/span><\/strong><\/h2>\n<h2><span style=\"color: #000000;\">Hier erfahren Sie etwas \u00fcber unsere Gruppe und viel Wissenswertes \u00fcber Prostatakrebs.<\/span><\/h2>\n<h2><span style=\"color: #000000;\">Sollten Sie weitere Informationen w\u00fcnschen, so kontaktieren Sie uns bitte.<\/span><\/h2>\n<p>&nbsp;<\/p>\n<p>&nbsp;<\/p>\n<p>&nbsp;<\/p>\n<p>&nbsp;<\/p>\n\n\n<p><\/p>\n\n\n\n<p><\/p>\n\n\n\n<h4 class=\"wp-block-heading\"><span style=\"background-color:rgba(0, 0, 0, 0)\" class=\"has-inline-color has-black-color\"><strong>Haftungshinweis:<\/strong><\/span><\/h4>\n\n\n\n<h5 class=\"wp-block-heading\">Trotz sorgf\u00e4ltiger inhaltlicher Kontrolle \u00fcbernehmen wir keine Haftung f\u00fcr die Inhalte externer Links. F\u00fcr den Inhalt der verlinkten Seiten sind ausschlie\u00dflich deren Betreiber verantwortlich. <\/h5>\n\n\n\n<h6 class=\"wp-block-heading\">Mit Urteil vom 12.Mai 1998 \u2013 312 O 85\/98 \u2013 \u201eHaftung f\u00fcr Links\u201c hat das Landgericht (LG) Hamburg entschieden, dass man durch das Setzen eines Links die Inhalte der gelinkten Seiten ggf. mit zu verantworten hat. Dies kann \u2013 so das Landgericht \u2013 nur dadurch verhindert werden, dass man sich ausdr\u00fccklich von diesen Inhalten distanziert. Deshalb distanzieren wir uns hiermit ausdr\u00fccklich von allen Inhalten aller gelinkten Seiten auf unserer Homepage und machen uns diese Inhalte nicht zu Eigen. Diese Erkl\u00e4rung gilt f\u00fcr alle auf diesen Webseiten angebrachten Links.<\/h6>\n","protected":false},"excerpt":{"rendered":"<p>Wir begr\u00fc\u00dfen Sie auf der Internetseite der Prostatakrebs-Selbsthilfegruppe in Siegen. Wir sind Mitglied im Bundesverband Prostatakrebs-Selbsthilfe e.V. Hier erfahren Sie etwas \u00fcber unsere Gruppe und viel Wissenswertes \u00fcber Prostatakrebs. Sollten Sie weitere Informationen w\u00fcnschen, so kontaktieren Sie uns bitte. &nbsp; &nbsp; &nbsp; &nbsp; Haftungshinweis: Trotz sorgf\u00e4ltiger inhaltlicher Kontrolle \u00fcbernehmen wir keine Haftung f\u00fcr die Inhalte &hellip; <a href=\"https:\/\/www.marien-kliniken.de\/blogs\/prostata\/\" class=\"more-link\"><span class=\"screen-reader-text\">\u201eStartseite\u201c<\/span> weiterlesen<\/a><\/p>\n","protected":false},"author":3,"featured_media":0,"parent":0,"menu_order":10,"comment_status":"closed","ping_status":"closed","template":"","meta":{"footnotes":""},"class_list":["post-257","page","type-page","status-publish","hentry"],"_links":{"self":[{"href":"https:\/\/www.marien-kliniken.de\/blogs\/prostata\/wp-json\/wp\/v2\/pages\/257","targetHints":{"allow":["GET"]}}],"collection":[{"href":"https:\/\/www.marien-kliniken.de\/blogs\/prostata\/wp-json\/wp\/v2\/pages"}],"about":[{"href":"https:\/\/www.marien-kliniken.de\/blogs\/prostata\/wp-json\/wp\/v2\/types\/page"}],"author":[{"embeddable":true,"href":"https:\/\/www.marien-kliniken.de\/blogs\/prostata\/wp-json\/wp\/v2\/users\/3"}],"replies":[{"embeddable":true,"href":"https:\/\/www.marien-kliniken.de\/blogs\/prostata\/wp-json\/wp\/v2\/comments?post=257"}],"version-history":[{"count":59,"href":"https:\/\/www.marien-kliniken.de\/blogs\/prostata\/wp-json\/wp\/v2\/pages\/257\/revisions"}],"predecessor-version":[{"id":2102,"href":"https:\/\/www.marien-kliniken.de\/blogs\/prostata\/wp-json\/wp\/v2\/pages\/257\/revisions\/2102"}],"wp:attachment":[{"href":"https:\/\/www.marien-kliniken.de\/blogs\/prostata\/wp-json\/wp\/v2\/media?parent=257"}],"curies":[{"name":"wp","href":"https:\/\/api.w.org\/{rel}","templated":true}]}}