{"id":2,"date":"2009-11-17T18:00:08","date_gmt":"2009-11-17T17:00:08","guid":{"rendered":"http:\/\/www.marienkrankenhaus.com\/blogs\/prostata\/?page_id=2"},"modified":"2026-02-26T19:57:12","modified_gmt":"2026-02-26T18:57:12","slug":"eine-seite","status":"publish","type":"page","link":"https:\/\/www.marien-kliniken.de\/blogs\/prostata\/eine-seite\/","title":{"rendered":"Wir \u00fcber uns"},"content":{"rendered":"\n<div style=\"height:41px\" aria-hidden=\"true\" class=\"wp-block-spacer\"><\/div>\n\n\n\n<h2 class=\"wp-block-heading has-text-align-center has-text-color has-large-font-size\" style=\"color:#e30000\"><strong>BPS-Prostatakrebs-Selbsthilfegruppe Siegen<\/strong><\/h2>\n\n\n\n<div style=\"height:13px\" aria-hidden=\"true\" class=\"wp-block-spacer\"><\/div>\n\n\n<ul>\n<li>\n<h3><span style=\"color: #000000;\"><strong>Unsere Gruppe existiert schon seit dem Jahr 2002 und wir treffen uns einmal im Monat in Siegen.<\/strong><\/span><\/h3>\n<\/li>\n<li>\n<h3><span style=\"color: #000000;\"><strong>Wir tauschen unsere Krankheitsgeschichten und pers\u00f6nlichen Erfahrungen aus, helfen uns gegenseitig und haben Zeit f\u00fcreinander. Wir reden offen \u00fcber alle Probleme, die mit unserer Krankheit zusammen h\u00e4ngen.<\/strong><\/span><\/h3>\n<\/li>\n<li>\n<h3><span style=\"color: #000000;\"><strong>Immer wieder laden wir fachkundige Referenten in unsere Gruppe ein und erweitern so unser Wissen \u00fcber unsere Erkrankung sowie auch \u00fcber deren Diagnose- und Behandlungsm\u00f6glichkeiten. Dadurch werden wir zu m\u00fcndigen und informierten Patienten.<\/strong><\/span><\/h3>\n<\/li>\n<li>\n<h3><span style=\"color: #000000;\"><strong>So gewinnen wir Sicherheit, wenn wir uns selbst (in Zusammenarbeit mit dem Arzt) f\u00fcr eine bestimmte Therapie entscheiden m\u00fcssen. \u2013 Je mehr man \u00fcber seine Erkrankung wei\u00df, desto besser kann man gegen sie ank\u00e4mpfen.<\/strong><\/span><\/h3>\n<\/li>\n<li>\n<h3><span style=\"color: #000000;\"><strong>Wir arbeiten mit den \u00c4rzten unserer Region zusammen und holen uns immer wieder Rat von Ihnen. \u2013 Auch erfolgt eine enge Zusammenarbeit mit dem DRK und der Diakonie.<\/strong><\/span><\/h3>\n<\/li>\n<li>\n<h3><span style=\"color: #000000;\"><strong>Unter dem Dach der Deutschen Krebshilfe sind wir Mitglied im Bundesverband BPS, dem fast 200 Prostatakrebs-Selbsthilfegruppen in ganz Deutschland angeh\u00f6ren.<\/strong><\/span><\/h3>\n<\/li>\n<li>\n<h3><span style=\"color: #000000;\"><strong>Wir sind offizieller Kooperationspartner des Prostatakarzinom-Zentrums des Diakonie-Klinikums &#8222;Jung-Stilling&#8220; in Siegen.<\/strong><\/span><\/h3>\n<\/li>\n<li>\n<h3><span style=\"color: #000000;\"><strong>Unsere Schirmherren sind drei erfahrene und verantwortungsvolle \u00c4rzte: Dr. med. Ren\u00e9 Baumann (Chefarzt der Radio-Onkologie &amp; Strahlentherapie des St. Marien-Krankenhauses in Siegen), Dr. med. Johannes Spelz (ehemaliger Chefarzt der Urologie des Klinikums in Siegen-Weidenau) und Dr. med. Peter Weib (Chefarzt der Urologie im Diakonie-Klinikum Jung-Stilling-Krankenhaus in\u00a0 Siegen).<\/strong><\/span><\/h3>\n<\/li>\n<li>\n<h3><span style=\"color: #000000;\"><strong>Wir werden von der Deutschen Krebshilfe und von den gesetzlichen Krankenkassen gef\u00f6rdert.<\/strong><\/span><\/h3>\n<\/li>\n<li>\n<h3><span style=\"color: #000000;\"><strong>Wir arbeiten kostenlos, ehrenamtlich und gemeinn\u00fctzig. F\u00fcr Spenden werden Bescheinigungen ausgestellt, die das Finanzamt anerkennt.<\/strong><\/span><\/h3>\n<\/li>\n<\/ul>\n\n\n<p><\/p>\n\n\n\n<div style=\"height:20px\" aria-hidden=\"true\" class=\"wp-block-spacer\"><\/div>\n\n\n\n<p><\/p>\n\n\n\n<p><\/p>\n\n\n\n<p><\/p>\n\n\n\n<p><\/p>\n\n\n\n<p><\/p>\n\n\n\n<p><\/p>\n\n\n\n<p><\/p>\n\n\n\n<p><\/p>\n\n\n\n<p><\/p>\n\n\n\n<p><\/p>\n","protected":false},"excerpt":{"rendered":"<p>BPS-Prostatakrebs-Selbsthilfegruppe Siegen Unsere Gruppe existiert schon seit dem Jahr 2002 und wir treffen uns einmal im Monat in Siegen. Wir tauschen unsere Krankheitsgeschichten und pers\u00f6nlichen Erfahrungen aus, helfen uns gegenseitig und haben Zeit f\u00fcreinander. Wir reden offen \u00fcber alle Probleme, die mit unserer Krankheit zusammen h\u00e4ngen. Immer wieder laden wir fachkundige Referenten in unsere Gruppe &hellip; <a href=\"https:\/\/www.marien-kliniken.de\/blogs\/prostata\/eine-seite\/\" class=\"more-link\"><span class=\"screen-reader-text\">\u201eWir \u00fcber uns\u201c<\/span> weiterlesen<\/a><\/p>\n","protected":false},"author":3,"featured_media":0,"parent":0,"menu_order":20,"comment_status":"closed","ping_status":"closed","template":"","meta":{"footnotes":""},"class_list":["post-2","page","type-page","status-publish","hentry"],"_links":{"self":[{"href":"https:\/\/www.marien-kliniken.de\/blogs\/prostata\/wp-json\/wp\/v2\/pages\/2","targetHints":{"allow":["GET"]}}],"collection":[{"href":"https:\/\/www.marien-kliniken.de\/blogs\/prostata\/wp-json\/wp\/v2\/pages"}],"about":[{"href":"https:\/\/www.marien-kliniken.de\/blogs\/prostata\/wp-json\/wp\/v2\/types\/page"}],"author":[{"embeddable":true,"href":"https:\/\/www.marien-kliniken.de\/blogs\/prostata\/wp-json\/wp\/v2\/users\/3"}],"replies":[{"embeddable":true,"href":"https:\/\/www.marien-kliniken.de\/blogs\/prostata\/wp-json\/wp\/v2\/comments?post=2"}],"version-history":[{"count":100,"href":"https:\/\/www.marien-kliniken.de\/blogs\/prostata\/wp-json\/wp\/v2\/pages\/2\/revisions"}],"predecessor-version":[{"id":2188,"href":"https:\/\/www.marien-kliniken.de\/blogs\/prostata\/wp-json\/wp\/v2\/pages\/2\/revisions\/2188"}],"wp:attachment":[{"href":"https:\/\/www.marien-kliniken.de\/blogs\/prostata\/wp-json\/wp\/v2\/media?parent=2"}],"curies":[{"name":"wp","href":"https:\/\/api.w.org\/{rel}","templated":true}]}}